f 655616 and 340288?
832
Calculate the highest common factor of 7020 and 2997020.
260
Calculate the greatest common factor of 52726776 and 4440.
888
Calculate the highest common divisor of 51909 and 1081509.
429
Calculate the highest common factor of 16122300 and 2196.
732
Calculate the greatest common divisor of 3674 and 272643866.
3674
What is the greatest common factor of 199 and 36876491?
199
What is the highest common divisor of 1422 and 405402?
6
What is the greatest common divisor of 697 and 5571859?
41
What is the greatest common factor of 1009208816 and 528?
176
Calculate the greatest common divisor of 1904376920 and 848.
424
What is the highest common factor of 3010 and 1593160?
10
What is the greatest common factor of 240 and 64908210?
30
Calculate the highest common divisor of 2168368 and 1416.
472
What is the greatest common divisor of 188112611 and 4574?
2287
Calculate the highest common divisor of 11995358 and 2.
2
Calculate the highest common factor of 8 and 124070052.
4
Calculate the greatest common divisor of 17945975 and 950.
475
What is the highest common divisor of 7639392 and 7936?
992
Calculate the greatest common factor of 12672221 and 1178.
19
Calculate the greatest common divisor of 15088710 and 117390.
2730
Calculate the greatest common factor of 4946912 and 288.
32
Calculate the highest common factor of 742400 and 731525.
725
What is the greatest common divisor of 1138870 and 237290?
610
Calculate the highest common factor of 327318 and 177378.
102
What is the highest common divisor of 1972 and 13327762?
986
Calculate the highest common factor of 2370726 and 3114.
18
What is the greatest common divisor of 8 and 53649296?
8
What is the greatest common factor of 34218 and 724194?
18
Calculate the greatest common divisor of 299452524 and 607.
607
Calculate the highest common factor of 1988642 and 13.
1
Calculate the highest common divisor of 2912 and 285922.
182
What is the highest common factor of 2345 and 283115?
35
Calculate the highest common factor of 34056 and 21588408.
3096
Calculate the greatest common factor of 9758 and 109548.
34
Calculate the highest common divisor of 430839 and 306729.
1773
What is the highest common factor of 1812 and 111040568?
604
What is the highest common divisor of 241623 and 114399?
513
Calculate the highest common divisor of 383310833 and 1707.
569
Calculate the greatest common divisor of 14761 and 11145573.
509
What is the highest common divisor of 428140 and 260?
20
Calculate the highest common divisor of 12896 and 3089398.
806
What is the highest common factor of 870917912 and 8992?
2248
What is the greatest common factor of 242907049 and 77?
77
What is the highest common factor of 213597 and 37908?
729
Calculate the greatest common factor of 47671101 and 4893.
699
Calculate the highest common factor of 1920329181 and 8451.
8451
Calculate the highest common factor of 1887506 and 2660546.
6442
Calculate the greatest common factor of 17044975 and 1295.
185
Calculate the greatest common factor of 2574 and 186816942.
234
Calculate the highest common divisor of 2370 and 25891065.
1185
What is the greatest common divisor of 910932 and 536?
268
What is the highest common factor of 1716 and 3937128?
156
What is the greatest common divisor of 2127 and 64854357?
2127
What is the highest common divisor of 56 and 600395656?
56
Calculate the greatest common factor of 9115383 and 35397.
1311
Calculate the greatest common divisor of 110288820 and 72.
12
What is the greatest common factor of 204376 and 280840?
472
What is the highest common divisor of 4431 and 53786432?
1477
Calculate the highest common factor of 2491799 and 6157.
47
Calculate the highest common factor of 32209351 and 74.
37
Calculate the highest common factor of 213 and 2016471.
213
What is the highest common factor of 24815 and 544705?
35
What is the greatest common divisor of 158 and 1055242658?
158
What is the greatest common factor of 15600 and 130878800?
5200
What is the greatest common factor of 13274040 and 4824?
1608
What is the highest common divisor of 11 and 257881008?
11
What is the greatest common divisor of 21264 and 162864?
48
What is the greatest common factor of 448 and 61984192?
64
Calculate the highest common divisor of 380593 and 6590868.
2279
Calculate the highest common factor of 3730 and 1176660578.
746
What is the highest common divisor of 184 and 33581886?
46
Calculate the highest common factor of 108951075 and 9.
9
What is the greatest common divisor of 56491591 and 4342?
2171
What is the highest common factor of 23030 and 17337454?
94
Calculate the greatest common divisor of 10662 and 556201.
1777
What is the greatest common divisor of 105 and 75363603?
21
What is the highest common factor of 3507961 and 543?
181
Calculate the greatest common divisor of 23452 and 10713956.
1804
What is the highest common divisor of 564 and 85864864?
188
Calculate the greatest common divisor of 14365952 and 17408.
4352
Calculate the greatest common divisor of 46066 and 15335520.
1486
Calculate the greatest common factor of 11490 and 194198235.
5745
Calculate the highest common factor of 1200256 and 15616.
128
Calculate the highest common divisor of 210 and 40720022.
14
Calculate the greatest common divisor of 292651 and 69353.
311
Calculate the greatest common divisor of 91019 and 11.
1
What is the greatest common factor of 31683 and 51?
3
What is the greatest common factor of 82957 and 1512?
7
What is the highest common factor of 1776142074 and 14?
14
Calculate the highest common divisor of 43080 and 19860.
60
Calculate the greatest common divisor of 35 and 1736805.
35
What is the highest common divisor of 204194 and 972302?
1058
Calculate the highest common factor of 60725 and 7325.
25
What is the highest common factor of 514 and 50670377?
257
What is the highest common factor of 131517 and 194840?
4871
Calculate the greatest common factor of 3168 and 6521724.
396
What is the highest common divisor of 258642 and 30690?
18
Calculate the greatest common divisor of 70356 and 60958964.
1804
What is the greatest common divisor of 136 and 12279?
1
Calculate the greatest common factor of 18383361 and 13362.
393
What is the greatest common divisor of 19812156 and 4316?
52
Calculate the highest common factor of 30951 and 105704.
181
What is the highest common divisor of 1222644 and 204?
12
What is the highest common factor of 498610 and 17429981?
7123
Calculate the highest common divisor of 25848 and 19813896.
72
What is the highest common factor of 85131462 and 156?
78
What is the highest common divisor of 251288322 and 34?
34
What is the highest common factor of 7538495 and 5?
5
Calculate the greatest common divisor of 588 and 17455466.
98
What is the greatest common divisor of 132994 and 187427?
29
What is the highest common divisor of 1527624 and 3276?
252
Calculate the highest common factor of 3135 and 190845215.
1045
Calculate the highest common divisor of 13 and 545663.
1
Calculate the greatest common divisor of 70 and 1949330.
10
What is the highest common divisor of 6915816 and 72?
72
Calculate the highest common factor of 23 and 647638071.
23
Calculate the greatest common factor of 19294146 and 80166.
2586
What is the greatest common divisor of 14382 and 14623533?
423
Calculate the greatest common factor of 13097935 and 760.
95
Calculate the greatest common factor of 21120 and 33425040.
2640
What is the greatest common divisor of 517 and 21947167?
517
Calculate the highest common divisor of 36 and 6069366.
18
What is the highest common factor of 1098261 and 297?
9
What is the highest common divisor of 811260 and 81580?
20
Calculate the greatest common factor of 180 and 4565295.
45
What is the greatest common factor of 22207613 and 3244?
811
Calculate the highest common factor of 24 and 111652296.
24
What is the highest common factor of 6 and 358482?
6
What is the highest common factor of 216446448 and 2176?
272
Calculate the greatest common factor of 503072 and 1536.
32
Calculate the highest common divisor of 10 and 1181465170.
10
What is the greatest common factor of 16208059 and 24934?
959
Calculate the greatest common factor of 8537815 and 26.
13
Calculate the highest common factor of 59869378 and 7090.
1418